{"id":1824,"date":"2019-03-03T05:27:02","date_gmt":"2019-03-03T05:27:02","guid":{"rendered":"http:\/\/brabus.local\/?page_id=1824"},"modified":"2019-12-10T14:40:06","modified_gmt":"2019-12-10T14:40:06","slug":"home","status":"publish","type":"page","link":"https:\/\/www.bvscolombia.org\/pypaps\/","title":{"rendered":"INICIO"},"content":{"rendered":"<div class=\"wpb-content-wrapper\"><p>[vc_row][vc_column offset=&#8221;vc_col-lg-offset-0 vc_col-md-offset-0 vc_hidden-xs&#8221;][ts_hero_slider hero_slider=&#8221;1942&#8243;][\/vc_column][\/vc_row][vc_row use_container=&#8221;yes&#8221; use_predefined_class=&#8221;yes&#8221; predefined_class=&#8221;intro&#8221;][vc_column][ts_section_title animate_block=&#8221;yes&#8221; animation_type=&#8221;fadeIn&#8221; tagline=&#8221;Salud Universal&#8221; title=&#8221;\u00bfQu\u00e9 me ofrece este espacio virtual?&#8221; background_title=&#8221;Virtual&#8221;][vc_row_inner][vc_column_inner width=&#8221;5\/12&#8243;][ts_text_block animate_block=&#8221;yes&#8221; animation_type=&#8221;fadeIn&#8221;]<\/p>\n<h3><b>\u201cPeque\u00f1os pasos para lograr la cobertura universal en salud\u201d<\/b><\/h3>\n<p>[\/ts_text_block][\/vc_column_inner][vc_column_inner width=&#8221;7\/12&#8243;][ts_text_block has_readmore=&#8221;yes&#8221; readmore_label=&#8221;Leer m\u00e1s&#8221; animate_block=&#8221;yes&#8221; animation_type=&#8221;fadeIn&#8221; animation_delay=&#8221;0.01s&#8221; readmore_link=&#8221;https:\/\/www.bvscolombia.org\/pypaps\/portfolio\/discapacitados\/&#8221;]<span style=\"font-weight: 400;\">Este es un espacio pensado en ti y tu comunidad, tiene contenido f\u00e1cil de leer y comprender para hacer de la informaci\u00f3n una herramienta, para que t\u00fa y yo, seamos part\u00edcipes de la creaci\u00f3n de comunidades y personas saludables. Est\u00e1 enfocado en seis poblaciones de inter\u00e9s nacional: Grupos \u00c9tnicos, Grupos Etarios, V\u00edctimas de Conflicto Armado, G\u00e9nero, Orientaci\u00f3n e Identidad Sexual y Personas con Discapacidad.&nbsp; \u00a1Disfr\u00fatalo! <\/span><\/p>\n<div class=\"custom-link wow fadeIn\">\n<div class=\"lines\"><\/div>\n<\/div>\n<div class=\"boldgrid-section\">\n<div class=\"container\">\n<div class=\"row\">\n<div class=\"col-md-12 col-xs-12 col-sm-12\"><\/div>\n<\/div>\n<\/div>\n<\/div>\n<div class=\"boldgrid-section\">\n<div class=\"container\">\n<div class=\"row\">\n<div class=\"col-md-12 col-xs-12 col-sm-12\">\n<p>[\/ts_text_block][\/vc_column_inner][\/vc_row_inner][\/vc_column][\/vc_row][vc_row use_container=&#8221;yes&#8221; use_predefined_class=&#8221;yes&#8221; predefined_class=&#8221;services-content-block&#8221;][vc_column][ts_section_title animate_block=&#8221;yes&#8221; animation_type=&#8221;fadeIn&#8221; tagline=&#8221;Informaci\u00f3n&#8221; title=&#8221;M\u00e1s sobre nosotros&#8221;][vc_row_inner][vc_column_inner width=&#8221;1\/3&#8243;][ts_service animate_block=&#8221;yes&#8221; animation_type=&#8221;fadeIn&#8221; index=&#8221;01&#8243;]<\/p>\n<h4><span style=\"color: #ffffff;\"><a style=\"color: #ffffff;\" href=\"https:\/\/www.bvscolombia.org\/pypaps\/portfolio\/genero\/\"><b>&nbsp;G\u00e9nero <\/b><\/a><\/span><\/h4>\n<p>[\/ts_service][ts_service animate_block=&#8221;yes&#8221; animation_type=&#8221;fadeIn&#8221; index=&#8221;01&#8243;]<\/p>\n<h4><span style=\"color: #ffffff;\"><b style=\"color: #ffffff;\"><a style=\"color: #ffffff;\" href=\"https:\/\/www.bvscolombia.org\/pypaps\/portfolio\/victimas-del-conflicto-armado\/\" target=\"_blank\" rel=\"noopener noreferrer\">V<\/a>\u00edctimas del Conflicto Armado<\/b><\/span><\/h4>\n<p>[\/ts_service][\/vc_column_inner][vc_column_inner width=&#8221;1\/3&#8243;][ts_service animate_block=&#8221;yes&#8221; animation_type=&#8221;fadeIn&#8221; index=&#8221;02&#8243; animation_delay=&#8221;0.05s&#8221;]<\/p>\n<h4><span style=\"color: #ffffff;\"><a style=\"color: #ffffff;\" href=\"https:\/\/www.bvscolombia.org\/pypaps\/portfolio\/discapacitados\/\"><b>Discapacidad&nbsp;<\/b><\/a><\/span><\/h4>\n<p>[\/ts_service][ts_service animate_block=&#8221;yes&#8221; animation_type=&#8221;fadeIn&#8221; index=&#8221;02&#8243; animation_delay=&#8221;0.05s&#8221;]<\/p>\n<h4><span style=\"color: #ffffff;\"><b style=\"color: #ffffff;\"><a style=\"color: #ffffff;\" href=\"https:\/\/www.bvscolombia.org\/pypaps\/portfolio\/etnico\/\" target=\"_blank\" rel=\"noopener noreferrer\">\u00c9<\/a>tnico<\/b><\/span><\/h4>\n<p>[\/ts_service][\/vc_column_inner][vc_column_inner width=&#8221;1\/3&#8243;][ts_service animate_block=&#8221;yes&#8221; animation_type=&#8221;fadeIn&#8221; index=&#8221;03&#8243; animation_delay=&#8221;0.10s&#8221;]<\/p>\n<h4><span style=\"color: #ffffff;\"><a style=\"color: #ffffff;\" href=\"https:\/\/www.bvscolombia.org\/pypaps\/portfolio\/etario\/\"><b>Etario <\/b><\/a><\/span><\/h4>\n<p>[\/ts_service][ts_service animate_block=&#8221;yes&#8221; animation_type=&#8221;fadeIn&#8221; index=&#8221;03&#8243; animation_delay=&#8221;0.10s&#8221;]<\/p>\n<h4><span style=\"color: #ffffff;\"><b style=\"color: #ffffff;\"><a style=\"color: #ffffff;\" href=\"https:\/\/www.bvscolombia.org\/pypaps\/portfolio\/orientacion-e-identidad-sexual\/\" target=\"_blank\" rel=\"noopener noreferrer\">O<\/a>rientac\u00f3n e Identidad Sexual<\/b><\/span><\/h4>\n<p>[\/ts_service][\/vc_column_inner][\/vc_row_inner][\/vc_column][\/vc_row][vc_row content_placement=&#8221;middle&#8221; use_container=&#8221;yes&#8221; conter_content=&#8221;yes&#8221; use_predefined_class=&#8221;yes&#8221; predefined_class=&#8221;works&#8221;][vc_column offset=&#8221;vc_col-lg-offset-1 vc_col-lg-4\/5 vc_col-md-offset-1 vc_col-md-3\/5 vc_col-sm-offset-1 vc_col-xs-offset-1 vc_col-xs-2\/5&#8243;][ts_section_title animate_block=&#8221;yes&#8221; animation_type=&#8221;fadeIn&#8221; tagline=&#8221;Informaci\u00f3n&#8221; background_title=&#8221;Poblaciones&#8221; title=&#8221;Categor\u00edas Poblacionales&#8221;][ts_portfolio total_count=&#8221;6&#8243; animate_block=&#8221;yes&#8221; animation_type=&#8221;fadeIn&#8221; column=&#8221;&#8221;][\/vc_column][\/vc_row][vc_row use_container=&#8221;yes&#8221; use_predefined_class=&#8221;yes&#8221; predefined_class=&#8221;work-with-us&#8221;][vc_column][ts_section_title animate_block=&#8221;yes&#8221; animation_type=&#8221;fadeIn&#8221; tagline=&#8221;Culturas \u00c9tnicas&#8221; title=&#8221;Fechas de Celebraci\u00f3n&#8221; background_title=&#8221;Cultura&#8221;][vc_row_inner][vc_column_inner][ts_text_block animate_block=&#8221;yes&#8221; animation_type=&#8221;fadeIn&#8221;]D\u00eda Internacional de la Lengua Materna y D\u00eda Nacional de las Lenguas Nativas\u200b \u2013 \u200b21 de febrero.<\/p>\n<p>D\u00eda internacional Rrom o Gitano \u2013 8 de abril<\/p>\n<p>D\u00eda de la Afrocolombianidad \u2013 21 de mayo<\/p>\n<p>D\u00eda Internacional de la Mujer Ind\u00edgena \u2013 5 de septiembre<\/p>\n<p>D\u00eda Internacional de la Raza \u2013 12 de octubre[\/ts_text_block][\/vc_column_inner][\/vc_row_inner][\/vc_column][\/vc_row][vc_row use_container=&#8221;yes&#8221; use_predefined_class=&#8221;yes&#8221; predefined_class=&#8221;clients&#8221;][vc_column width=&#8221;5\/12&#8243;][ts_section_title animate_block=&#8221;yes&#8221; animation_type=&#8221;fadeIn&#8221; tagline=&#8221;Conoce m\u00e1s sobre este sitio&#8221; title=&#8221;Galer\u00eda de Videos&#8221;][ts_text_block animate_block=&#8221;yes&#8221; animation_type=&#8221;fadeIn&#8221;]<\/p>\n<h4><b>Disfruta de los contenidos audiovisuales dispuesto en cada categor\u00eda poblacional de forma \u00e1gil. \u00a1Bienvenido!<\/b><\/h4>\n<p>[\/ts_text_block][\/vc_column][vc_column width=&#8221;7\/12&#8243;][vc_row_inner][vc_column_inner width=&#8221;1\/4&#8243;][vc_video link=&#8221;https:\/\/www.youtube.com\/watch?v=SBLiBLb23ZA&#8221;][\/vc_column_inner][vc_column_inner width=&#8221;1\/4&#8243;][vc_video link=&#8221;https:\/\/www.youtube.com\/watch?v=aBNzJdWFqMQ&#8221;][\/vc_column_inner][vc_column_inner width=&#8221;1\/4&#8243;][vc_video link=&#8221;https:\/\/www.youtube.com\/watch?v=fDsD8XqHtmI&#8221;][\/vc_column_inner][vc_column_inner width=&#8221;1\/4&#8243;][vc_video link=&#8221;https:\/\/www.youtube.com\/watch?v=QpQ8R6ptJEM&#8221;][\/vc_column_inner][\/vc_row_inner][vc_row_inner][vc_column_inner width=&#8221;1\/4&#8243;][vc_video link=&#8221;https:\/\/www.youtube.com\/watch?v=eYxjfLGm26c&amp;feature=youtu.be&#8221;][vc_video link=&#8221;https:\/\/www.youtube.com\/watch?v=HMO_I53JPBs&#8221;][\/vc_column_inner][vc_column_inner width=&#8221;1\/4&#8243;][vc_video link=&#8221;https:\/\/www.youtube.com\/watch?v=7mf8l79OSkg&amp;list=PLmQ750ldb1jL7RBzP9zOklB9BUQGXVyVG&amp;index=6&#8243;][vc_video link=&#8221;https:\/\/www.youtube.com\/watch?v=ue4J63H9mTo&#8221;][\/vc_column_inner][vc_column_inner width=&#8221;1\/4&#8243;][vc_video link=&#8221;https:\/\/www.youtube.com\/watch?v=UklBfKeeDDQ&#8221;][vc_video link=&#8221;https:\/\/www.youtube.com\/watch?v=z9BKxzInzSk&#8221;][\/vc_column_inner][vc_column_inner width=&#8221;1\/4&#8243;][vc_video link=&#8221;https:\/\/www.youtube.com\/watch?v=bKKUb3sbDNk&#8221;][vc_video link=&#8221;https:\/\/www.youtube.com\/watch?v=l98KTTicHJQ&#8221;][\/vc_column_inner][\/vc_row_inner][\/vc_column][\/vc_row][vc_row][vc_column][vc_column_text]<\/p>\n<\/div>\n<\/div>\n<\/div>\n<\/div>\n<div class=\"boldgrid-section\">\n<div class=\"container\">\n<div class=\"row\">\n<div class=\"col-md-12 col-xs-12 col-sm-12\">\n<p>[\/vc_column_text][\/vc_column][\/vc_row][vc_row][vc_column][vc_column_text]<\/p>\n<\/div>\n<\/div>\n<\/div>\n<\/div>\n<div class=\"boldgrid-section\">\n<div class=\"container\">\n<div class=\"row\">\n<div class=\"col-md-12 col-xs-12 col-sm-12\">\n<p>[\/vc_column_text][\/vc_column][\/vc_row][vc_row][vc_column][vc_column_text]<\/p>\n<\/div>\n<\/div>\n<\/div>\n<\/div>\n<div class=\"boldgrid-section\">\n<div class=\"container\">\n<div class=\"row\">\n<div class=\"col-md-12 col-xs-12 col-sm-12\">\n<p>[\/vc_column_text][\/vc_column][\/vc_row][vc_row][vc_column][vc_column_text]<\/p>\n<\/div>\n<\/div>\n<\/div>\n<\/div>\n<div class=\"boldgrid-section\">\n<div class=\"container\">\n<div class=\"row\">\n<div class=\"col-md-12 col-xs-12 col-sm-12\">\n<p>[\/vc_column_text][\/vc_column][\/vc_row][vc_row][vc_column][vc_column_text]<\/p>\n<\/div>\n<\/div>\n<\/div>\n<\/div>\n<p>[\/vc_column_text][\/vc_column][\/vc_row]<\/p>\n<\/div>","protected":false},"excerpt":{"rendered":"<p>[vc_row][vc_column offset=&#8221;vc_col-lg-offset-0 vc_col-md-offset-0 vc_hidden-xs&#8221;][ts_hero_slider hero_slider=&#8221;1942&#8243;][\/vc_column][\/vc_row][vc_row use_container=&#8221;yes&#8221; use_predefined_class=&#8221;yes&#8221; predefined_class=&#8221;intro&#8221;][vc_column][ts_section_title animate_block=&#8221;yes&#8221; animation_type=&#8221;fadeIn&#8221; tagline=&#8221;Salud Universal&#8221; title=&#8221;\u00bfQu\u00e9 me ofrece este espacio virtual?&#8221; background_title=&#8221;Virtual&#8221;][vc_row_inner][vc_column_inner width=&#8221;5\/12&#8243;][ts_text_block animate_block=&#8221;yes&#8221; animation_type=&#8221;fadeIn&#8221;] \u201cPeque\u00f1os pasos para lograr la cobertura universal en salud\u201d [\/ts_text_block][\/vc_column_inner][vc_column_inner width=&#8221;7\/12&#8243;][ts_text_block has_readmore=&#8221;yes&#8221; readmore_label=&#8221;Leer m\u00e1s&#8221; animate_block=&#8221;yes&#8221; animation_type=&#8221;fadeIn&#8221; animation_delay=&#8221;0.01s&#8221; readmore_link=&#8221;https:\/\/www.bvscolombia.org\/pypaps\/portfolio\/discapacitados\/&#8221;]Este es un espacio pensado en ti y tu comunidad, tiene contenido f\u00e1cil de leer y [&hellip;]<\/p>\n","protected":false},"author":1,"featured_media":0,"parent":0,"menu_order":0,"comment_status":"closed","ping_status":"closed","template":"page-builder.php","meta":{"footnotes":""},"class_list":["post-1824","page","type-page","status-publish","hentry"],"_links":{"self":[{"href":"https:\/\/www.bvscolombia.org\/pypaps\/wp-json\/wp\/v2\/pages\/1824","targetHints":{"allow":["GET"]}}],"collection":[{"href":"https:\/\/www.bvscolombia.org\/pypaps\/wp-json\/wp\/v2\/pages"}],"about":[{"href":"https:\/\/www.bvscolombia.org\/pypaps\/wp-json\/wp\/v2\/types\/page"}],"author":[{"embeddable":true,"href":"https:\/\/www.bvscolombia.org\/pypaps\/wp-json\/wp\/v2\/users\/1"}],"replies":[{"embeddable":true,"href":"https:\/\/www.bvscolombia.org\/pypaps\/wp-json\/wp\/v2\/comments?post=1824"}],"version-history":[{"count":10,"href":"https:\/\/www.bvscolombia.org\/pypaps\/wp-json\/wp\/v2\/pages\/1824\/revisions"}],"predecessor-version":[{"id":2384,"href":"https:\/\/www.bvscolombia.org\/pypaps\/wp-json\/wp\/v2\/pages\/1824\/revisions\/2384"}],"wp:attachment":[{"href":"https:\/\/www.bvscolombia.org\/pypaps\/wp-json\/wp\/v2\/media?parent=1824"}],"curies":[{"name":"wp","href":"https:\/\/api.w.org\/{rel}","templated":true}]}}